{"id":92,"date":"2023-11-30T15:54:15","date_gmt":"2023-11-30T13:54:15","guid":{"rendered":"https:\/\/ints.ro\/site\/?page_id=92"},"modified":"2025-05-28T13:59:12","modified_gmt":"2025-05-28T11:59:12","slug":"declaratii-de-avere-si-interese","status":"publish","type":"page","link":"https:\/\/www.ints.ro\/site\/declaratii-de-avere-si-interese\/","title":{"rendered":"Declara\u021bii de avere \u0219i interese"},"content":{"rendered":"<div class=\"wp-block-image\">\n<figure class=\"aligncenter size-large\"><img decoding=\"async\" src=\"https:\/\/www.ints.ro\/wp-content\/uploads\/2020\/02\/declaratie-avere.jpg\" alt=\"\"\/><\/figure>\n<\/div>\n\n\n<p>&nbsp;Declara\u021biile de avere \u0219i interese conform Anexei nr. 2, din Legea nr. 176\/2010 \u0219i potrivit prevederilor Legii nr. 161\/2003&nbsp;<em>privind unele m\u0103suri pentru asigurarea transparen\u0163ei \u00een exercitarea demnit\u0103\u0163ilor publice, a func\u0163iilor publice \u015fi \u00een mediul de afaceri, prevenirea \u015fi sanc\u0163ionarea corup\u0163iei, cu modific\u0103rile \u015fi complet\u0103rile ulterioare;<\/em><\/p>\n\n\n\n<figure class=\"wp-block-table\"><table><tbody><tr><td>2025<\/td><td>Declara\u021bie de interese \u2013 Director General \u2013 Ec. Tania Mihalcia B\u0103la\u0219a<\/td><td><a href=\"https:\/\/www.ints.ro\/site\/wp-content\/uploads\/2025\/05\/DI-ANONIMIZATA-MBT-2025-5020014.pdf\">Descarc\u0103<\/a><\/td><\/tr><tr><td>2025<\/td><td>Declara\u021bie de avere &#8211; Director General &#8211; Ec. Tania Mihacia B\u0103la\u0219a<\/td><td><a href=\"https:\/\/www.ints.ro\/site\/wp-content\/uploads\/2025\/05\/DA-ANONIMIZATA-MBT-2025-5019246_a.pdf\">Descarc\u0103<\/a><\/td><\/tr><tr><td>2025<\/td><td>Declara\u021bie de interese &#8211; Du\u021bescu Monica<\/td><td><a href=\"https:\/\/www.ints.ro\/site\/wp-content\/uploads\/2025\/05\/DI-anul-2025-DIM-anonimizata.pdf\">Descarc\u0103<\/a><\/td><\/tr><tr><td>2025<\/td><td>Declara\u021bie de avere &#8211; Du\u021bescu Monica<\/td><td><a href=\"https:\/\/www.ints.ro\/site\/wp-content\/uploads\/2025\/05\/DA-anul-2025-DIM-anonimizata.pdf\">Descarc\u0103<\/a><\/td><\/tr><tr><td>2025<\/td><td>Declara\u021bie de interese &#8211; Alina Baciu<\/td><td><a href=\"https:\/\/www.ints.ro\/site\/wp-content\/uploads\/2025\/05\/DI-ANUL-2025-BA-ANONIMIZATA.pdf\">Descarc\u0103<\/a><\/td><\/tr><tr><td>2025<\/td><td>Declara\u021bie de avere &#8211; Alina Baciu<\/td><td><a href=\"https:\/\/www.ints.ro\/site\/wp-content\/uploads\/2025\/05\/DA-ANUL-2025-BA-ANONIMIZATA.pdf\">Descarc\u0103<\/a><\/td><\/tr><tr><td>2024<\/td><td>Declara\u021bie de interese \u2013 Director General \u2013 Ec. Tania Mihalcia B\u0103la\u0219a<\/td><td><a href=\"https:\/\/www.ints.ro\/site\/wp-content\/uploads\/2024\/06\/Dec_interese_Mihalcia_Tania.pdf\">Descarc\u0103<\/a><\/td><\/tr><tr><td>2024<\/td><td>Declara\u021bie de avere &#8211; Director General &#8211; Ec. Tania Mihacia B\u0103la\u0219a<\/td><td><a href=\"https:\/\/www.ints.ro\/site\/wp-content\/uploads\/2024\/06\/Dec_avere_Mihalcia_Tania.pdf\">Descarc\u0103<\/a><\/td><\/tr><tr><td>2024<\/td><td>Declara\u021bie de interese &#8211; Du\u021bescu Monica<\/td><td><a href=\"https:\/\/www.ints.ro\/site\/wp-content\/uploads\/2024\/06\/Dec_interese_Dutescu_Monica.pdf\">Descarc\u0103<\/a><\/td><\/tr><tr><td>2024<\/td><td>Declara\u021bie de avere &#8211; Du\u021bescu Monica<\/td><td><a href=\"https:\/\/www.ints.ro\/site\/wp-content\/uploads\/2024\/06\/Dec_avere_Dutescu_Monica.pdf.pdf\">Descarc\u0103<\/a><\/td><\/tr><tr><td>2024<\/td><td>Declara\u021bie de interese &#8211; Alina Baciu<\/td><td><a href=\"https:\/\/www.ints.ro\/site\/wp-content\/uploads\/2024\/06\/Dec_interese_Baciu_Alina.pdf\">Descarc\u0103<\/a><\/td><\/tr><tr><td>2024<\/td><td>Declara\u021bie de avere &#8211; Alina Baciu<\/td><td><a href=\"https:\/\/www.ints.ro\/site\/wp-content\/uploads\/2024\/06\/Dec_avere_Baciu_Alina.pdf\">Descarc\u0103<\/a><\/td><\/tr><tr><td>2024<\/td><td>Declara\u021bie de interese \u2013 Monica Iancu<\/td><td><a href=\"https:\/\/www.ints.ro\/site\/wp-content\/uploads\/2024\/02\/DECLARATIA-DE-INTERESE-IM-8-FEB-2024-ANONIMIZATA.pdf\">Descarc\u0103<\/a><\/td><\/tr><tr><td>2024<\/td><td>Declara\u021bie de avere \u2013  Monica Iancu<\/td><td><a href=\"https:\/\/www.ints.ro\/site\/wp-content\/uploads\/2024\/02\/DECLARATIA-DE-AVERE-2-IM-8-FEB-2024-anonimizata.pdf\">Descarc\u0103<\/a><\/td><\/tr><tr><td>2023<\/td><td>Declara\u021bie de avere \u2013 Director General \u2013 Ec. Tania Mihalcia B\u0103la\u0219a<\/td><td><a href=\"https:\/\/www.ints.ro\/wp-content\/uploads\/2023\/06\/DECLARATIE-DE-AVERE-ANONIMA-MBT-2023.pdf\">Descarc\u0103<\/a><\/td><\/tr><tr><td>2023<\/td><td>Declara\u021bie de interese \u2013 Director General \u2013 Ec. Tania Mihalcia B\u0103la\u0219a<\/td><td><a href=\"https:\/\/www.ints.ro\/wp-content\/uploads\/2023\/06\/DECLARATIE-DE-INTERESE-ANONIMA-MBT-2023.pdf\">Descarc\u0103<\/a><\/td><\/tr><tr><td>2023<\/td><td>Declara\u021bie de avere \u2013 Director Financial Adjunct \u2013 Ec. Alina Baciu<\/td><td><a href=\"https:\/\/www.ints.ro\/wp-content\/uploads\/2023\/06\/DECLARATIE-DE-AVERE-ANONIMA-BA-2023.pdf\">Descarc\u0103<\/a><\/td><\/tr><tr><td>2023<\/td><td>Declara\u021bie de interese \u2013 Director Financial Adjunct \u2013 Ec. Alina Baciu<\/td><td><a href=\"https:\/\/www.ints.ro\/wp-content\/uploads\/2023\/06\/DECLARATIE-DE-INTERESE-ANONIMA-BA-2023.pdf\">Descarc\u0103<\/a><\/td><\/tr><tr><td>2023<\/td><td>Declara\u021bie de avere \u2013 Director Medical \u2013 Dr. Monica Du\u021bescu<\/td><td><a href=\"https:\/\/www.ints.ro\/wp-content\/uploads\/2023\/06\/DECLARATIE-AVERE-ANONIM-DIM-2023.pdf\">Descarc\u0103<\/a><\/td><\/tr><tr><td>2023<\/td><td>Declara\u021bie de interese \u2013 Director Medical \u2013 Dr. Monica Du\u021bescu<\/td><td><a href=\"https:\/\/www.ints.ro\/wp-content\/uploads\/2023\/06\/DECLARATIE-INTERESE-ANONIM-DIM-2023.pdf\">Descarc\u0103<\/a><\/td><\/tr><tr><td>2023<\/td><td>Declara\u021bie de avere \u2013 \u0218ef Compartiment \u2013 Monica Iancu<\/td><td><a href=\"https:\/\/www.ints.ro\/wp-content\/uploads\/2023\/06\/DECLARATIE-DE-AVERE-ANONIMA-MI-2023.pdf\">Descarc\u0103<\/a><\/td><\/tr><tr><td>2023<\/td><td>Declara\u021bie de interese \u2013 \u0218ef Compartiment \u2013 Monica Iancu<\/td><td><a href=\"https:\/\/www.ints.ro\/wp-content\/uploads\/2023\/06\/DECLARATIE-DE-INTERESE-ANONIMA-MI-2023.pdf\">Descarc\u0103<\/a><\/td><\/tr><tr><td>2022<\/td><td>Declara\u021bie de interese \u2013 Director General Ec. Tania Mihalcia Balasa (30 zile de la numire)<\/td><td><a href=\"https:\/\/www.ints.ro\/wp-content\/uploads\/2022\/08\/Declaratie_interese_MTB.pdf\">Descarc\u0103<\/a><\/td><\/tr><tr><td>2022<\/td><td>Declara\u021bie de interese \u2013 Director Financiar Ec. Tania Mihalcia Balasa (30 zile de la \u00eencetare)<\/td><td><a href=\"https:\/\/www.ints.ro\/wp-content\/uploads\/2022\/08\/Declaratie_interese_MTB_2.pdf\">Descarc\u0103<\/a><\/td><\/tr><tr><td>2022<\/td><td>Declara\u021bie de avere \u2013 Director General Ec. Tania Mihalcia Balasa (30 zile de la numire)<\/td><td><a href=\"https:\/\/www.ints.ro\/wp-content\/uploads\/2022\/08\/Declaratie_avere_MTB_2.pdf\">Descarc\u0103<\/a><\/td><\/tr><tr><td>2022<\/td><td>Declara\u021bie de avere \u2013 Director Financiar Ec. Tania Mihalcia Balasa (30 zile de la \u00eencetare)<\/td><td><a href=\"https:\/\/www.ints.ro\/wp-content\/uploads\/2022\/08\/Declaratie_avere_MTB.pdf\">Descarc\u0103<\/a><\/td><\/tr><tr><td>2022<\/td><td>Declara\u021bie de interese \u2013 \u0218ef Serviciu Ec. Alina Baciu (30 zile de la \u00eencetare)<\/td><td><a href=\"https:\/\/www.ints.ro\/wp-content\/uploads\/2022\/08\/Declaratie_interese_BA_2.pdf\">Descarc\u0103<\/a><\/td><\/tr><tr><td>2022<\/td><td>Declara\u021bie de interese \u2013 Director Adj. Ec. Alina Baciu (30 zile de la numire)<\/td><td><a href=\"https:\/\/www.ints.ro\/wp-content\/uploads\/2022\/08\/Declaratie_interese_BA.pdf\">Descarc\u0103<\/a><\/td><\/tr><tr><td>2022<\/td><td>Declara\u021bie de avere \u2013 \u0218ef Serviciu Ec. Alina Baciu (30 zile de la \u00eencetare)<\/td><td><a href=\"https:\/\/www.ints.ro\/wp-content\/uploads\/2022\/08\/Declaratie_avere_BA_2.pdf\">Descarc\u0103<\/a><\/td><\/tr><tr><td>2022<\/td><td>Declara\u021bie de avere \u2013 Director Adj. Ec. Alina Baciu (30 zile de la numire)<\/td><td><a href=\"https:\/\/www.ints.ro\/wp-content\/uploads\/2022\/08\/Declaratie_avare_BA.pdf\">Descarc\u0103<\/a><\/td><\/tr><tr><td>2022<\/td><td>Declara\u021bie de avere \u2013 Director Medical Dr. Monica Dutescu<\/td><td><a href=\"https:\/\/www.ints.ro\/wp-content\/uploads\/2022\/06\/declaratie-avere-anonimizata-DIM.pdf\">Descarc\u0103<\/a><\/td><\/tr><tr><td>2022<\/td><td>Declara\u021bie de interese \u2013 Director Medical Dr. Monica Dutescu<\/td><td><a href=\"https:\/\/www.ints.ro\/wp-content\/uploads\/2022\/06\/declaratie-interese-anonimizata-DIM.pdf\">Descarc\u0103<\/a><\/td><\/tr><tr><td>2022<\/td><td>Declara\u021bie de avere \u2013 Director Fin. Adj. Ec. Tania Mihalcia Balasa<\/td><td><a href=\"https:\/\/www.ints.ro\/wp-content\/uploads\/2022\/06\/declaratie-avere-anonimizata-MBT.pdf\">Descarc\u0103<\/a><\/td><\/tr><tr><td>2022<\/td><td>Declara\u021bie de interese \u2013 Director Fin. Adj. Ec. Tania Mihalcia Balasa<\/td><td><a href=\"https:\/\/www.ints.ro\/wp-content\/uploads\/2022\/06\/declaratie-interese-anonimizata-MBT.pdf\">Descarc\u0103<\/a><\/td><\/tr><tr><td>2022<\/td><td>Declara\u021bie de avere \u2013 \u0218ef Comp. RUNOS Ec. Monica Iancu<\/td><td><a href=\"https:\/\/www.ints.ro\/wp-content\/uploads\/2022\/06\/declaratie-avere-anonimizata-IM.pdf\">Descarc\u0103<\/a><\/td><\/tr><tr><td>2022<\/td><td>Declara\u021bie de interese \u2013 \u0218ef Comp. RUNOS Ec. Monica Iancu<\/td><td><a href=\"https:\/\/www.ints.ro\/wp-content\/uploads\/2022\/06\/declaratie-interese-anonimizata-IM.pdf\">Descarc\u0103<\/a><\/td><\/tr><tr><td>2022<\/td><td>Declara\u021bie de avere \u2013 \u0218ef Comp. Financiar Ec. Contabil Baciu Alina<\/td><td><a href=\"https:\/\/www.ints.ro\/wp-content\/uploads\/2022\/06\/declaratie-avere-anonimizata-BA.pdf\">Descarc\u0103<\/a><\/td><\/tr><tr><td>2022<\/td><td>Declara\u021bie de interese \u2013 \u0218ef Comp. Financiar Ec. Contabil Baciu Alina<\/td><td><a href=\"https:\/\/www.ints.ro\/wp-content\/uploads\/2022\/06\/declaratie-interese-anonimizata-BA.pdf\">Descarc\u0103<\/a><\/td><\/tr><tr><td>2021<\/td><td>Declara\u021bie de avere \u2013 Director Medical Dr. Monica Dutescu<\/td><td><a href=\"https:\/\/www.ints.ro\/wp-content\/uploads\/2021\/06\/DA_Dutescu_Monica_2021.pdf\">Descarc\u0103<\/a><\/td><\/tr><tr><td>2021<\/td><td>Declara\u021bie de interese \u2013 Director Medical Dr. Monica Dutescu<\/td><td><a href=\"https:\/\/www.ints.ro\/wp-content\/uploads\/2021\/06\/DI_Dutescu_Monica_2021.pdf\">Descarc\u0103<\/a><\/td><\/tr><tr><td>2021<\/td><td>Declara\u021bie de avere \u2013 Director Fin. Adj. Ec. Tania Mihalcia Balasa<\/td><td><a href=\"https:\/\/www.ints.ro\/wp-content\/uploads\/2021\/06\/DA_Mihalcia_Tania_2021.pdf\">Descarc\u0103<\/a><\/td><\/tr><tr><td>2021<\/td><td>Declara\u021bie de interese \u2013 Director Fin. Adj. Ec. Tania Mihalcia Balasa<\/td><td><a href=\"https:\/\/www.ints.ro\/wp-content\/uploads\/2021\/06\/DI_Mihalcia_Tania_2021.pdf\">Descarc\u0103<\/a><\/td><\/tr><tr><td>2021<\/td><td>Declara\u021bie de avere \u2013 \u0218ef Comp. Financiar Ec. Contabil Baciu Alina<\/td><td><a href=\"https:\/\/www.ints.ro\/wp-content\/uploads\/2021\/06\/DA_Baciu_Alina_2021.pdf\">Descarc\u0103<\/a><\/td><\/tr><tr><td>2021<\/td><td>Declara\u021bie de interese \u2013 \u0218ef Comp. Financiar Ec. Contabil Baciu Alina<\/td><td><a href=\"https:\/\/www.ints.ro\/wp-content\/uploads\/2021\/06\/DI_Baciu_Alina_2021.pdf\">Descarc\u0103<\/a><\/td><\/tr><tr><td>2021<\/td><td>Declara\u021bie de avere \u2013 \u0218ef Comp. RUNOS Ec. Monica Iancu<\/td><td><a href=\"https:\/\/www.ints.ro\/wp-content\/uploads\/2021\/06\/DA_Iancu_Monica_2021.pdf\">Descarc\u0103<\/a><\/td><\/tr><tr><td>2021<\/td><td>Declara\u021bie de interese \u2013 \u0218ef Comp. RUNOS Ec. Monica Iancu<\/td><td><a href=\"https:\/\/www.ints.ro\/wp-content\/uploads\/2021\/06\/DI_Iancu_Monica_2021.pdf\">Descarc\u0103<\/a><\/td><\/tr><tr><td>2020<\/td><td>Declara\u021bie de avere \u2013 Director Medical Dr. Monica Dutescu<\/td><td><a href=\"https:\/\/www.ints.ro\/wp-content\/uploads\/2020\/06\/Dec_avere_DIM.pdf\">Descarc\u0103<\/a><\/td><\/tr><tr><td>2020<\/td><td>Declara\u021bie de interese \u2013 Director Medical Dr. Monica Dutescu<\/td><td><a href=\"https:\/\/www.ints.ro\/wp-content\/uploads\/2020\/06\/Dec_interese_DIM.pdf\">Descarc\u0103<\/a><\/td><\/tr><tr><td>2020<\/td><td>Declara\u021bie de avere \u2013 Director Fin. Adj. Ec. Tania Mihalcia Balasa<\/td><td><a href=\"https:\/\/www.ints.ro\/wp-content\/uploads\/2020\/06\/Dec_avere_MBT.pdf\">Descarc\u0103<\/a><\/td><\/tr><tr><td>2020<\/td><td>Declara\u021bie de interese \u2013 Director Fin. Adj. Ec. Tania Mihalcia Balasa<\/td><td><a href=\"https:\/\/www.ints.ro\/wp-content\/uploads\/2020\/06\/Dec_interese_MBT.pdf\">Descarc\u0103<\/a><\/td><\/tr><tr><td>2020<\/td><td>Declara\u021bie de avere \u2013 \u0218ef Comp. Financiar Ec. Contabil Baciu Alina<\/td><td><a href=\"https:\/\/www.ints.ro\/wp-content\/uploads\/2020\/06\/Dec_avere_BA.pdf\">Descarc\u0103<\/a><\/td><\/tr><tr><td>2020<\/td><td>Declara\u021bie de interese \u2013 \u0218ef Comp. Financiar Ec. Contabil Baciu Alina<\/td><td><a href=\"https:\/\/www.ints.ro\/wp-content\/uploads\/2020\/06\/Dec_interese_BA.pdf\">Descarc\u0103<\/a><\/td><\/tr><tr><td>2020<\/td><td>Declara\u021bie de avere \u2013 \u0218ef Comp. RUNOS Ec. Monica Iancu<\/td><td><a href=\"https:\/\/www.ints.ro\/wp-content\/uploads\/2020\/06\/Dec_avere_IM.pdf\">Descarc\u0103<\/a><\/td><\/tr><tr><td>2020<\/td><td>Declara\u021bie de interese \u2013 \u0218ef Comp. RUNOS Ec. Monica Iancu<\/td><td><a href=\"https:\/\/www.ints.ro\/wp-content\/uploads\/2020\/06\/Dec_interese_IM.pdf\">Descarc\u0103<\/a><\/td><\/tr><tr><td>2019<\/td><td>Declara\u021bie de avere \u2013 Director Medical Dr. Monica Dutescu<\/td><td>&nbsp;<a href=\"https:\/\/www.donare-sange.ro\/media\/uploads\/dec_avere_Dutescu.pdf\">Descarca<\/a><\/td><\/tr><tr><td>2019<\/td><td>Declara\u021bie de interese \u2013 Director Medical Dr. Monica Dutescu<\/td><td>&nbsp;<a href=\"https:\/\/www.donare-sange.ro\/media\/uploads\/dec_int_Dutescu.pdf\">Descarca<\/a><\/td><\/tr><tr><td>2019<\/td><td>Declara\u021bie de avere \u2013 Director Fin. Adj. Ec. Tania Mihalcia Balasa<\/td><td>&nbsp;<a href=\"https:\/\/www.donare-sange.ro\/media\/uploads\/dec_avere_Mihalcia.pdf\">Descarca<\/a><\/td><\/tr><tr><td>2019<\/td><td>Declara\u021bie de interese \u2013 Director Fin. Adj. Ec. Tania Mihalcia Balasa<\/td><td>&nbsp;<a href=\"https:\/\/www.donare-sange.ro\/media\/uploads\/dec_int_Mihalcia.pdf\">Descarca<\/a><\/td><\/tr><tr><td>2019<\/td><td>Declara\u021bie de avere \u2013 \u0218ef Comp. Financiar Ec. Contabil Baciu Alina<\/td><td>&nbsp;<a href=\"https:\/\/www.donare-sange.ro\/media\/uploads\/dec_avere_Baciu.pdf\">Descarca<\/a><\/td><\/tr><tr><td>2019<\/td><td>Declara\u021bie de interese \u2013 \u0218ef Comp. Financiar Ec. Contabil Baciu Alina<\/td><td>&nbsp;<a href=\"https:\/\/www.donare-sange.ro\/media\/uploads\/dec_int_Baciu.pdf\">Descarca<\/a><\/td><\/tr><tr><td>2019<\/td><td>Declara\u021bie de avere \u2013 \u0218ef Comp. RUNOS Ec. Monica Iancu<\/td><td>&nbsp;<a href=\"https:\/\/www.donare-sange.ro\/media\/uploads\/dec_avere_Iancu.pdf\">Descarca<\/a><\/td><\/tr><tr><td>2019<\/td><td>Declara\u021bie de interese \u2013 \u0218ef Comp. RUNOS Ec. Monica Iancu<\/td><td>&nbsp;<a href=\"https:\/\/www.donare-sange.ro\/media\/uploads\/dec_int_Iancu.pdf\">Descarca<\/a><\/td><\/tr><tr><td>2018<\/td><td>Declara\u021bie de avere \u2013 Director Dr. Lumini\u021ba Rusen<\/td><td>&nbsp;<a href=\"https:\/\/www.donare-sange.ro\/media\/uploads\/RADA.pdf\">Descarca<\/a><\/td><\/tr><tr><td>2018<\/td><td>Declara\u021bie de interese \u2013 Director Dr. Lumini\u021ba Rusen<\/td><td>&nbsp;<a href=\"https:\/\/www.donare-sange.ro\/media\/uploads\/RLDI.pdf\">Descarca<\/a><\/td><\/tr><tr><td>2018<\/td><td>Declara\u021bie de avere \u2013 Director Adj. Financiar-Contabil \u2013 Ec. Tania Balasa Mihalcia<\/td><td>&nbsp;<a href=\"https:\/\/www.donare-sange.ro\/media\/uploads\/MTDA.pdf\">Descarca<\/a><\/td><\/tr><tr><td>2018<\/td><td>Declara\u021bie de interese \u2013 Director Adj. Financiar-Contabil \u2013 Ec. Tania Balasa Mihalcia<\/td><td>&nbsp;<a href=\"https:\/\/www.donare-sange.ro\/media\/uploads\/MTDI.pdf\">Descarca<\/a><\/td><\/tr><tr><td>2018<\/td><td>Declara\u021bie de avere \u2013 Sef serviciu Financiar-Contabil \u2013 Ec. Alina Baciu<\/td><td>&nbsp;<a href=\"https:\/\/www.donare-sange.ro\/media\/uploads\/BADA.pdf\">Descarca<\/a><\/td><\/tr><tr><td>2018<\/td><td>Declara\u021bie de interese \u2013 Sef serviciu Financiar-Contabil \u2013 Ec. Alina Baciu<\/td><td>&nbsp;<a href=\"https:\/\/www.donare-sange.ro\/media\/uploads\/BADI.pdf\">Descarca<\/a><\/td><\/tr><tr><td>2018<\/td><td>Declara\u021bie de avere \u2013 Sef Birou RUNOS \u2013 Ec. Monica Iancu<\/td><td>&nbsp;<a href=\"https:\/\/www.donare-sange.ro\/media\/uploads\/IMDA.pdf\">Descarca<\/a><\/td><\/tr><tr><td>2018<\/td><td>Declara\u021bie de interese \u2013 Sef Birou RUNOS \u2013 Ec. Monica Iancu<\/td><td>&nbsp;<a href=\"https:\/\/www.donare-sange.ro\/media\/uploads\/IMDI.pdf\">Descarca<\/a><\/td><\/tr><\/tbody><\/table><\/figure>\n\n\n\n<figure class=\"wp-block-table\"><table><tbody><tr><td>2017<\/td><td>Declara\u021bie de avere \u2013 Director Dr. Lumini\u021ba Rusen<\/td><td>&nbsp;<a href=\"https:\/\/www.donare-sange.ro\/media\/uploads\/dec_avere_Luminita_Rusen.pdf\">Descarca<\/a><\/td><\/tr><tr><td>2017<\/td><td>Declara\u021bie de interese \u2013 Director Dr. Lumini\u021ba Rusen<\/td><td>&nbsp;<a href=\"https:\/\/www.donare-sange.ro\/media\/uploads\/dec_interese_Luminita_Rusen.pdf\">Descarca<\/a><\/td><\/tr><tr><td>2017<\/td><td>Declara\u021bie de avere \u2013 Director Adj. Financiar-Contabil \u2013 Ec. Tania Balasa Mihalcia<\/td><td>&nbsp;<a href=\"https:\/\/www.donare-sange.ro\/media\/uploads\/dec_avere_Tania_Balasa_Mihalcia.pdf\">Descarca<\/a><\/td><\/tr><tr><td>2017<\/td><td>Declara\u021bie de interese \u2013 Director Adj. Financiar-Contabil \u2013 Ec. Tania Balasa Mihalcia<\/td><td>&nbsp;<a href=\"https:\/\/www.donare-sange.ro\/media\/uploads\/dec_interese_Tania_Balasa_Mihalcia.pdf\">Descarca<\/a><\/td><\/tr><tr><td>2017<\/td><td>Declara\u021bie de avere \u2013 Sef serviciu Financiar-Contabil \u2013 Ec. Alina Baciu<\/td><td>&nbsp;<a href=\"https:\/\/www.donare-sange.ro\/media\/uploads\/dec_avere_Alina_Baciu.pdf\">Descarca<\/a><\/td><\/tr><tr><td>2017<\/td><td>Declara\u021bie de interese \u2013 Sef serviciu Financiar-Contabil \u2013 Ec. Alina Baciu<\/td><td>&nbsp;<a href=\"https:\/\/www.donare-sange.ro\/media\/uploads\/dec_interese_Alina_Baciu.pdf\">Descarca<\/a><\/td><\/tr><tr><td>2017<\/td><td>Declara\u021bie de avere \u2013 Sef Birou RUNOS \u2013 Ec. Monica Iancu<\/td><td>&nbsp;<a href=\"https:\/\/www.donare-sange.ro\/media\/uploads\/dec_avere_Monica_Iancu.pdf\">Descarca<\/a><\/td><\/tr><tr><td>2017<\/td><td>Declara\u021bie de interese \u2013 Sef Birou RUNOS \u2013 Ec. Monica Iancu<\/td><td>&nbsp;<a href=\"https:\/\/www.donare-sange.ro\/media\/uploads\/dec_interese_Monica_Iancu.pdf\">Descarca<\/a><\/td><\/tr><\/tbody><\/table><\/figure>\n","protected":false},"excerpt":{"rendered":"<p>&nbsp;Declara\u021biile de avere \u0219i interese conform Anexei nr. 2, din Legea nr. 176\/2010 \u0219i potrivit prevederilor Legii nr. 161\/2003&nbsp;privind unele m\u0103suri pentru asigurarea transparen\u0163ei \u00een exercitarea demnit\u0103\u0163ilor publice, a func\u0163iilor&hellip; <\/p>\n","protected":false},"author":1,"featured_media":0,"parent":0,"menu_order":0,"comment_status":"closed","ping_status":"closed","template":"","meta":{"footnotes":""},"class_list":["post-92","page","type-page","status-publish","hentry"],"_links":{"self":[{"href":"https:\/\/www.ints.ro\/site\/wp-json\/wp\/v2\/pages\/92","targetHints":{"allow":["GET"]}}],"collection":[{"href":"https:\/\/www.ints.ro\/site\/wp-json\/wp\/v2\/pages"}],"about":[{"href":"https:\/\/www.ints.ro\/site\/wp-json\/wp\/v2\/types\/page"}],"author":[{"embeddable":true,"href":"https:\/\/www.ints.ro\/site\/wp-json\/wp\/v2\/users\/1"}],"replies":[{"embeddable":true,"href":"https:\/\/www.ints.ro\/site\/wp-json\/wp\/v2\/comments?post=92"}],"version-history":[{"count":6,"href":"https:\/\/www.ints.ro\/site\/wp-json\/wp\/v2\/pages\/92\/revisions"}],"predecessor-version":[{"id":481,"href":"https:\/\/www.ints.ro\/site\/wp-json\/wp\/v2\/pages\/92\/revisions\/481"}],"wp:attachment":[{"href":"https:\/\/www.ints.ro\/site\/wp-json\/wp\/v2\/media?parent=92"}],"curies":[{"name":"wp","href":"https:\/\/api.w.org\/{rel}","templated":true}]}}